[INFO] cloning repository https://github.com/TrevorS/gba-rs
[INFO] running `Command { std: "git" "-c" "credential.helper=" "-c" "credential.helper=/workspace/cargo-home/bin/git-credential-null" "clone" "--bare" "https://github.com/TrevorS/gba-rs" "/workspace/cache/git-repos/https%3A%2F%2Fgithub.com%2FTrevorS%2Fgba-rs", kill_on_drop: false }`
[INFO] [stderr] Cloning into bare repository '/workspace/cache/git-repos/https%3A%2F%2Fgithub.com%2FTrevorS%2Fgba-rs'...
[INFO] running `Command { std: "git" "rev-parse" "HEAD", kill_on_drop: false }`
[INFO] [stdout] 8d8b807f64fdebfbe61f78c6c23fa2083d903116
[INFO] checking TrevorS/gba-rs against master#e6e4f7ed1589e03bc2f6c5931c1a72e7947e8682 for beta-170-4
[INFO] running `Command { std: "git" "clone" "/workspace/cache/git-repos/https%3A%2F%2Fgithub.com%2FTrevorS%2Fgba-rs" "/workspace/builds/worker-4-tc2/source", kill_on_drop: false }`
[INFO] [stderr] Cloning into '/workspace/builds/worker-4-tc2/source'...
[INFO] [stderr] done.
[INFO] validating manifest of git repo https://github.com/TrevorS/gba-rs on toolchain e6e4f7ed1589e03bc2f6c5931c1a72e7947e8682
[INFO] running `Command { std: CARGO_HOME="/workspace/cargo-home" RUSTUP_HOME="/workspace/rustup-home" "/workspace/cargo-home/bin/cargo" "+e6e4f7ed1589e03bc2f6c5931c1a72e7947e8682" "metadata" "--manifest-path" "Cargo.toml" "--no-deps", kill_on_drop: false }`
[INFO] started tweaking git repo https://github.com/TrevorS/gba-rs
[INFO] finished tweaking git repo https://github.com/TrevorS/gba-rs
[INFO] tweaked toml for git repo https://github.com/TrevorS/gba-rs written to /workspace/builds/worker-4-tc2/source/Cargo.toml
[INFO] crate git repo https://github.com/TrevorS/gba-rs already has a lockfile, it will not be regenerated
[INFO] running `Command { std: CARGO_HOME="/workspace/cargo-home" RUSTUP_HOME="/workspace/rustup-home" "/workspace/cargo-home/bin/cargo" "+e6e4f7ed1589e03bc2f6c5931c1a72e7947e8682" "fetch" "--manifest-path" "Cargo.toml", kill_on_drop: false }`
[INFO] running `Command { std: "docker" "create" "-v" "/var/lib/crater-agent-workspace/builds/worker-4-tc2/target:/opt/rustwide/target:rw,Z" "-v" "/var/lib/crater-agent-workspace/builds/worker-4-tc2/source:/opt/rustwide/workdir:ro,Z" "-v" "/var/lib/crater-agent-workspace/cargo-home:/opt/rustwide/cargo-home:ro,Z" "-v" "/var/lib/crater-agent-workspace/rustup-home:/opt/rustwide/rustup-home:ro,Z" "-e" "SOURCE_DIR=/opt/rustwide/workdir" "-e" "CARGO_TARGET_DIR=/opt/rustwide/target" "-e" "CARGO_HOME=/opt/rustwide/cargo-home" "-e" "RUSTUP_HOME=/opt/rustwide/rustup-home" "-w" "/opt/rustwide/workdir" "-m" "1610612736" "--user" "0:0" "--network" "none" "ghcr.io/rust-lang/crates-build-env/linux@sha256:19e73879b68f455e41552ea35293514db52ea292d993f571636dbffedb77a1ee" "/opt/rustwide/cargo-home/bin/cargo" "+e6e4f7ed1589e03bc2f6c5931c1a72e7947e8682" "metadata" "--no-deps" "--format-version=1", kill_on_drop: false }`
[INFO] [stdout] c68b57c38349f017145eb19da8a586bc43a2e60c350154ad73b3abd6cc321a0a
[INFO] running `Command { std: "docker" "start" "-a" "c68b57c38349f017145eb19da8a586bc43a2e60c350154ad73b3abd6cc321a0a", kill_on_drop: false }`
[INFO] running `Command { std: "docker" "inspect" "c68b57c38349f017145eb19da8a586bc43a2e60c350154ad73b3abd6cc321a0a", kill_on_drop: false }`
[INFO] running `Command { std: "docker" "rm" "-f" "c68b57c38349f017145eb19da8a586bc43a2e60c350154ad73b3abd6cc321a0a", kill_on_drop: false }`
[INFO] [stdout] c68b57c38349f017145eb19da8a586bc43a2e60c350154ad73b3abd6cc321a0a
[INFO] running `Command { std: "docker" "create" "-v" "/var/lib/crater-agent-workspace/builds/worker-4-tc2/target:/opt/rustwide/target:rw,Z" "-v" "/var/lib/crater-agent-workspace/builds/worker-4-tc2/source:/opt/rustwide/workdir:ro,Z" "-v" "/var/lib/crater-agent-workspace/cargo-home:/opt/rustwide/cargo-home:ro,Z" "-v" "/var/lib/crater-agent-workspace/rustup-home:/opt/rustwide/rustup-home:ro,Z" "-e" "SOURCE_DIR=/opt/rustwide/workdir" "-e" "CARGO_TARGET_DIR=/opt/rustwide/target" "-e" "CARGO_INCREMENTAL=0" "-e" "RUST_BACKTRACE=full" "-e" "RUSTFLAGS=--cap-lints=forbid" "-e" "RUSTDOCFLAGS=--cap-lints=forbid" "-e" "CARGO_HOME=/opt/rustwide/cargo-home" "-e" "RUSTUP_HOME=/opt/rustwide/rustup-home" "-w" "/opt/rustwide/workdir" "-m" "1610612736" "--user" "0:0" "--network" "none" "ghcr.io/rust-lang/crates-build-env/linux@sha256:19e73879b68f455e41552ea35293514db52ea292d993f571636dbffedb77a1ee" "/opt/rustwide/cargo-home/bin/cargo" "+e6e4f7ed1589e03bc2f6c5931c1a72e7947e8682" "check" "--frozen" "--all" "--all-targets" "--message-format=json", kill_on_drop: false }`
[INFO] [stdout] 6e79327af96a4f7e53579da9d72d8916a32bbaf6c08631f5372a4eb7c8759371
[INFO] running `Command { std: "docker" "start" "-a" "6e79327af96a4f7e53579da9d72d8916a32bbaf6c08631f5372a4eb7c8759371", kill_on_drop: false }`
[INFO] [stderr]     Checking gba-rs v0.1.0 (/opt/rustwide/workdir)
[INFO] [stdout] error[E0010]: allocations are not allowed in constants
[INFO] [stdout]   --> src/memory/bios.rs:4:32
[INFO] [stdout]    |
[INFO] [stdout] 4  |   pub const GB_BIOS: Vec<Byte> = vec![
[INFO] [stdout]    |  ________________________________^
[INFO] [stdout] 5  | |     0xcf, 0x00, 0x7e, 0xff, 0xab, 0x00, 0x00, 0xf8, 0xff, 0xff, 0xff, 0xff, 0xff, 0xff, 0xff, 0xe1,
[INFO] [stdout] 6  | |     0x80, 0xbf, 0xf3, 0xff, 0xbf, 0xff, 0x3f, 0x00, 0xff, 0xbf, 0x7f, 0xff, 0x9f, 0xff, 0xbf, 0xff,
[INFO] [stdout] 7  | |     0xff, 0x00, 0x00, 0xbf, 0x77, 0xf3, 0xf1, 0xff, 0xff, 0xff, 0xff, 0xff, 0xff, 0xff, 0xff, 0xff,
[INFO] [stdout] ...  |
[INFO] [stdout] 12 | |     0xff, 0xff, 0xff, 0xff, 0xff, 0xff, 0xff, 0xff, 0xff, 0xff, 0xff, 0xff, 0xff, 0xff, 0xff, 0xff,
[INFO] [stdout] 13 | | ];
[INFO] [stdout]    | |_^ allocation not allowed in constants
[INFO] [stdout]    |
[INFO] [stdout]    = note: this error originates in the macro `vec` (in Nightly builds, run with -Z macro-backtrace for more info)
[INFO] [stdout] 
[INFO] [stdout] 
[INFO] [stdout] error[E0015]: cannot call non-const fn `slice::<impl [u8]>::into_vec::<std::alloc::Global>` in constants
[INFO] [stdout]   --> src/memory/bios.rs:4:32
[INFO] [stdout]    |
[INFO] [stdout] 4  |   pub const GB_BIOS: Vec<Byte> = vec![
[INFO] [stdout]    |  ________________________________^
[INFO] [stdout] 5  | |     0xcf, 0x00, 0x7e, 0xff, 0xab, 0x00, 0x00, 0xf8, 0xff, 0xff, 0xff, 0xff, 0xff, 0xff, 0xff, 0xe1,
[INFO] [stdout] 6  | |     0x80, 0xbf, 0xf3, 0xff, 0xbf, 0xff, 0x3f, 0x00, 0xff, 0xbf, 0x7f, 0xff, 0x9f, 0xff, 0xbf, 0xff,
[INFO] [stdout] 7  | |     0xff, 0x00, 0x00, 0xbf, 0x77, 0xf3, 0xf1, 0xff, 0xff, 0xff, 0xff, 0xff, 0xff, 0xff, 0xff, 0xff,
[INFO] [stdout] ...  |
[INFO] [stdout] 12 | |     0xff, 0xff, 0xff, 0xff, 0xff, 0xff, 0xff, 0xff, 0xff, 0xff, 0xff, 0xff, 0xff, 0xff, 0xff, 0xff,
[INFO] [stdout] 13 | | ];
[INFO] [stdout]    | |_^
[INFO] [stdout]    |
[INFO] [stdout]    = note: calls in constants are limited to constant functions, tuple structs and tuple variants
[INFO] [stdout]    = note: this error originates in the macro `vec` (in Nightly builds, run with -Z macro-backtrace for more info)
[INFO] [stdout] 
[INFO] [stdout] 
[INFO] [stdout] warning: unused variable: `address`
[INFO] [stdout]   --> src/memory/cartridge.rs:24:28
[INFO] [stdout]    |
[INFO] [stdout] 24 |     pub fn read_ram(&self, address: Word) -> Byte {
[INFO] [stdout]    |                            ^^^^^^^ help: if this is intentional, prefix it with an underscore: `_address`
[INFO] [stdout]    |
[INFO] [stdout]    = note: `#[warn(unused_variables)]` on by default
[INFO] [stdout] 
[INFO] [stdout] 
[INFO] [stdout] error: aborting due to 2 previous errors; 1 warning emitted
[INFO] [stdout] 
[INFO] [stdout] 
[INFO] [stdout] Some errors have detailed explanations: E0010, E0015.
[INFO] [stdout] 
[INFO] [stdout] For more information about an error, try `rustc --explain E0010`.
[INFO] [stdout] 
[INFO] [stdout] error[E0010]: allocations are not allowed in constants
[INFO] [stdout]   --> src/memory/bios.rs:4:32
[INFO] [stdout]    |
[INFO] [stdout] 4  |   pub const GB_BIOS: Vec<Byte> = vec![
[INFO] [stdout]    |  ________________________________^
[INFO] [stdout] 5  | |     0xcf, 0x00, 0x7e, 0xff, 0xab, 0x00, 0x00, 0xf8, 0xff, 0xff, 0xff, 0xff, 0xff, 0xff, 0xff, 0xe1,
[INFO] [stdout] 6  | |     0x80, 0xbf, 0xf3, 0xff, 0xbf, 0xff, 0x3f, 0x00, 0xff, 0xbf, 0x7f, 0xff, 0x9f, 0xff, 0xbf, 0xff,
[INFO] [stdout] 7  | |     0xff, 0x00, 0x00, 0xbf, 0x77, 0xf3, 0xf1, 0xff, 0xff, 0xff, 0xff, 0xff, 0xff, 0xff, 0xff, 0xff,
[INFO] [stdout] ...  |
[INFO] [stdout] 12 | |     0xff, 0xff, 0xff, 0xff, 0xff, 0xff, 0xff, 0xff, 0xff, 0xff, 0xff, 0xff, 0xff, 0xff, 0xff, 0xff,
[INFO] [stdout] 13 | | ];
[INFO] [stdout]    | |_^ allocation not allowed in constants
[INFO] [stdout]    |
[INFO] [stdout]    = note: this error originates in the macro `vec` (in Nightly builds, run with -Z macro-backtrace for more info)
[INFO] [stdout] 
[INFO] [stdout] 
[INFO] [stderr] error: could not compile `gba-rs` (bin "gba-rs") due to 3 previous errors; 1 warning emitted
[INFO] [stderr] warning: build failed, waiting for other jobs to finish...
[INFO] [stdout] error[E0015]: cannot call non-const fn `slice::<impl [u8]>::into_vec::<std::alloc::Global>` in constants
[INFO] [stdout]   --> src/memory/bios.rs:4:32
[INFO] [stdout]    |
[INFO] [stdout] 4  |   pub const GB_BIOS: Vec<Byte> = vec![
[INFO] [stdout]    |  ________________________________^
[INFO] [stdout] 5  | |     0xcf, 0x00, 0x7e, 0xff, 0xab, 0x00, 0x00, 0xf8, 0xff, 0xff, 0xff, 0xff, 0xff, 0xff, 0xff, 0xe1,
[INFO] [stdout] 6  | |     0x80, 0xbf, 0xf3, 0xff, 0xbf, 0xff, 0x3f, 0x00, 0xff, 0xbf, 0x7f, 0xff, 0x9f, 0xff, 0xbf, 0xff,
[INFO] [stdout] 7  | |     0xff, 0x00, 0x00, 0xbf, 0x77, 0xf3, 0xf1, 0xff, 0xff, 0xff, 0xff, 0xff, 0xff, 0xff, 0xff, 0xff,
[INFO] [stdout] ...  |
[INFO] [stdout] 12 | |     0xff, 0xff, 0xff, 0xff, 0xff, 0xff, 0xff, 0xff, 0xff, 0xff, 0xff, 0xff, 0xff, 0xff, 0xff, 0xff,
[INFO] [stdout] 13 | | ];
[INFO] [stdout]    | |_^
[INFO] [stdout]    |
[INFO] [stdout]    = note: calls in constants are limited to constant functions, tuple structs and tuple variants
[INFO] [stdout]    = note: this error originates in the macro `vec` (in Nightly builds, run with -Z macro-backtrace for more info)
[INFO] [stdout] 
[INFO] [stdout] 
[INFO] [stdout] warning: unused variable: `address`
[INFO] [stdout]   --> src/memory/cartridge.rs:24:28
[INFO] [stdout]    |
[INFO] [stdout] 24 |     pub fn read_ram(&self, address: Word) -> Byte {
[INFO] [stdout]    |                            ^^^^^^^ help: if this is intentional, prefix it with an underscore: `_address`
[INFO] [stdout]    |
[INFO] [stdout]    = note: `#[warn(unused_variables)]` on by default
[INFO] [stdout] 
[INFO] [stdout] 
[INFO] [stdout] error: aborting due to 2 previous errors; 1 warning emitted
[INFO] [stdout] 
[INFO] [stdout] 
[INFO] [stdout] Some errors have detailed explanations: E0010, E0015.
[INFO] [stdout] 
[INFO] [stdout] For more information about an error, try `rustc --explain E0010`.
[INFO] [stdout] 
[INFO] [stderr] error: could not compile `gba-rs` (bin "gba-rs" test) due to 3 previous errors; 1 warning emitted
[INFO] running `Command { std: "docker" "inspect" "6e79327af96a4f7e53579da9d72d8916a32bbaf6c08631f5372a4eb7c8759371", kill_on_drop: false }`
[INFO] running `Command { std: "docker" "rm" "-f" "6e79327af96a4f7e53579da9d72d8916a32bbaf6c08631f5372a4eb7c8759371", kill_on_drop: false }`
[INFO] [stdout] 6e79327af96a4f7e53579da9d72d8916a32bbaf6c08631f5372a4eb7c8759371
